b(-17). Calculate the highest common factor of f and t.
7
Suppose 3*m - 5*l - 4 = -6*l, -5*l = -m - 20. Suppose p - 3*p + 6 = m. Let h = -63708 + 63732. Calculate the greatest common divisor of h and p.
3
Let n = -3466 - -3476. Calculate the greatest common factor of n and 665.
5
Let x = -33 - 0. Let g be -2 - 72/(-33) - 27/x. Let f be g*-70*((-21)/15 - -1). Calculate the greatest common factor of f and 7.
7
Let x(d) = 2*d**2 - d + 7. Let k = 21 + -18. Let v be x(k). Calculate the highest common divisor of v and 8.
2
Let c = 49 + -95. Let m = c - -56. Let y be (159/(-1))/(-3) - (-3 + 6). What is the highest common factor of y and m?
10
Let q(u) = u**2 - 212*u + 4985. Let x be q(25). What is the greatest common factor of x and 1040?
10
Let c be (-1484)/(-9) - (9 + 738/(-81)). Suppose 35*y - 24*y = c. Let r = 24 - 18. Calculate the greatest common factor of r and y.
3
Suppose -3*u - j + 785 = 4*j, -u + 3*j = -271. What is the greatest common factor of u and 10?
5
Suppose -39*w = -151*w + 4256. Let i = 8 + -3. Suppose 4*v = -26 + 10, -3*p + i*v + w = 0. What is the greatest common factor of 30 and p?
6
Let x = -2316 + 3090. What is the greatest common divisor of 18 and x?
18
Let i(n) be the first derivative of -5*n**2/2 - 6*n + 2. Let r be i(-3). Let v = -19 - -55. What is the highest common factor of r and v?
9
Let i = -330 + 338. Suppose 2*o + 0 = -4*v + 8, -5*v - i*o = 12. Calculate the greatest common factor of v and 19.
1
Let q(j) = -17*j + 11. Let v be q(-4). Suppose -4*g + d = -2*g - 151, -4*d = -g + v. Let o = g - 41. Calculate the highest common factor of o and 272.
34
Let k be 6 + 1416/20 + (-4)/5. What is the highest common divisor of k and 19?
19
Let j(f) be the first derivative of -f**4/4 - 2*f**3 - 5*f**2/2 + 12*f - 2. Let c = -29 - -24. Let z be j(c). Calculate the greatest common factor of z and 96.
12
Let q(i) = 25*i**3 + i**2 - 6*i + 3. Let o be q(2). Suppose -113*j - 4 = -111*j, -3*d = 4*j - 37. What is the greatest common divisor of o and d?
15
Let s = 901 - 891. Suppose -191 = -s*r + 119. What is the highest common divisor of 589 and r?
31
Let t be (-8 + 15 - (-8)/(-4)) + 52. Suppose -2*c = -3*h - 0*h - 12, -2*c + h + 16 = 0. What is the highest common divisor of t and c?
3
Let j(p) = p**2 - 13*p + 15. Let o be j(14). Suppose o*m - 38*m = -3627. What is the greatest common divisor of m and 26?
13
Let t(m) = -m**3 - 17*m**2 + 25*m + 791. Let v be t(-16). What is the greatest common divisor of 465 and v?
15
Let o(m) = m**3 + 7*m**2 + 7*m + 15. Suppose 5*r + 13 = -p - 18, -3*r = -p + 9. Let x be o(p). What is the highest common divisor of x and 81?
9
Let w(u) = u**2 + 26*u + 117. Let q be w(-25). What is the greatest common factor of q and 1794?
46
Let g = 32851 + -22728. Suppose -18893 - g = -26*x. Calculate the greatest common divisor of 36 and x.
36
Suppose 0 = j + m - 11, 0 = -32*j + 35*j - 3*m - 3. Let a be (j/(-2))/((-14)/17920*12). Calculate the highest common factor of a and 64.
64
Let a be ((-42)/9 + 6)*3. Suppose -1566 = -4*y - 2*r, -a*r - 788 = -0*y - 2*y. What is the highest common factor of 56 and y?
56
Suppose u - 5*p = -22, -5*p + 19 = -u - u. Let y = -98 + 102. Suppose u*s + 3*l - 15 = 0, y*l - 7 = -s + 7. What is the greatest common factor of 2 and s?
2
Let n be (-16 - (-29 - -11) - 13) + 139. Let u be 0 + 1 + (-94)/(-2). What is the highest common divisor of n and u?
16
Let b = 30 - -30. Let u = -119834 - -119882. What is the greatest common divisor of u and b?
12
Suppose 10 = q + t, 3*q - 14 = q + t. Let z be q/(-2)*162/(-9)*1. Calculate the greatest common divisor of 180 and z.
36
Suppose 1 = 3*x - 8. Let b be 3/3 - -3 - (x - 4). Suppose -40 = -b*k - 5*i, -k + 0*i = -2*i + 4. What is the highest common divisor of 8 and k?
4
Let o = 26533 - 16652. What is the greatest common divisor of 123 and o?
41
Let b(y) = -92*y + 45. Let r be b(3). Let l = r - -251. Calculate the highest common divisor of l and 15.
5
Let h = 32 + 125. Let f = h + -72. What is the greatest common divisor of 170 and f?
85
Suppose r = -103 + 137. Suppose c + 6600 = r*c. What is the greatest common factor of c and 16?
8
Suppose -37 = -13*s + 54. Let n = 98 + -28. Calculate the highest common factor of s and n.
7
Let i(w) = -16*w - 14. Let s be i(-4). Let r be 233/5 - (-20)/s. Suppose 69 = 3*g - 72. Calculate the greatest common factor of r and g.
47
Let a(w) = 6*w**2 - 16*w + 8. Suppose 5*q - 28 = -2*c, 4*c = -2*q + 6*c. Let f be a(q). What is the highest common factor of 25 and f?
5
Let a(i) = -2*i**3 - 5*i - 4. Let b be a(-4). Suppose -65*v + 71*v + 2028 = 0. Let w = v - -356. What is the highest common factor of b and w?
18
Let p(f) = f**2 + 2*f - 21. Let z be p(-6). Let a(k) = 50*k - 18. Let h be a(z). Let x = -10 - -22. Calculate the highest common divisor of h and x.
12
Let m = 205 + -193. Let b be (9/(-36)*8)/(1/(-66)). Calculate the highest common divisor of b and m.
12
Let k = 8 - 12. Let t be (1/k)/(11/(-1892)). Suppose -4*r = -t + 35. Calculate the greatest common divisor of 22 and r.
2
Suppose -4*b = b - 3*z, 0 = -b + 4*z. Let f be b + 23/(138/180). Let s = 10 - -5. What is the highest common factor of f and s?
15
Suppose -4*d + 112 = -7*w + 5*w, 0 = d - 3*w - 23. Suppose d*u = 7*u + 8294. Calculate the greatest common divisor of 26 and u.
13
Let t(m) = -92*m + 2 + 57*m + 5 + 2*m**2 + 43*m. Let l be t(10). Calculate the greatest common divisor of 7 and l.
7
Suppose -z = 43 - 119. Calculate the highest common divisor of 3629 and z.
19
Let l be 425/(-15)*(3 - 0)*-4. What is the greatest common factor of l and 800?
20
Let y = -25652 - -26092. Calculate the highest common factor of y and 1880.
40
Suppose 4*w - 3*b - 503 = 0, -5*w - 115 = 4*b - 705. What is the highest common divisor of 18 and w?
2
Suppose -3*b = 15, -3*b = -2*q + 309 - 54. Let u(w) = 39*w**3 + w**2 - w + 1. Let s be u(1). Calculate the highest common factor of q and s.
40
Suppose 0 = 4*t + t - 5*n - 510, -2*n = -t + 104. Calculate the highest common divisor of t and 68.
4
Suppose -90 = -4*c + 162. Suppose -189*m = -196*m + c. What is the greatest common divisor of m and 3?
3
Let l(s) = -2*s**2 + 54*s + 230. Let a be l(24). What is the highest common divisor of 143 and a?
11
Let y(l) = 2538*l + 204. Let u be y(8). Suppose -42*q + 85524 - u = 0. Calculate the highest common factor of q and 18.
18
Let b(x) = -x**3 + 7*x**2 + 2*x - 16. Let j be b(7). Let n be (-1*130/5)/(j/1). Suppose n = 2*w - 11. What is the greatest common divisor of 60 and w?
12
Let r = -586 - -6836. What is the greatest common divisor of r and 10?
10
Suppose 5*g = -3*v + 415, 3*g + 7*v - 4*v = 255. What is the highest common factor of g and 9040?
80
Let c be 14/21*(-4266)/24*2/(-3). What is the highest common factor of c and 2?
1
Suppose -r - 70 = 4*r. Let k = 24 + r. Suppose -2*c + 14 = k. Calculate the greatest common divisor of c and 6.
2
Suppose -961 = 18*k - 6145. What is the greatest common divisor of 306 and k?
18
Suppose 61*s + 10 = 66*s, 0 = -3*i + 5*s + 23. Let t be (-4)/8*-2 + (-87)/(-1). Calculate the highest common divisor of t and i.
11
Suppose 11*o + 7*z - 1104 = 4*z, -4*o = 2*z - 406. Calculate the greatest common factor of 1353 and o.
33
Suppose -2*i = -5*w - 31, 0 = 4*i + w - 15 - 14. Suppose -16 = -2*n + i. Suppose -59 - 13 = -4*x. What is the highest common divisor of n and x?
6
Suppose -249*j + 231*j + 55314 = 0. What is the greatest common divisor of 7 and j?
7
Suppose -81 = -3*y - 72. Let u = 33 - y. What is the greatest common factor of 54 and u?
6
Let p(j) = -2 - 8*j - 12*j - 13*j**2 - 7 + 12*j**2. Let x be p(-15). Let d(i) = 7*i**2 + 4*i + 3. Let q be d(-1). What is the greatest common factor of q and x?
6
Suppose 2*s = k, -2*k = 3*s + 2*k. Suppose s = 14*c - 199 - 1593. Calculate the greatest common factor of 96 and c.
32
Suppose 4*x = -3*w + 1046, -21*w + 20*w = -2. What is the highest common factor of x and 364?
52
Let k be (38/5)/(1/2 + 63/(-140)). Calculate the highest common divisor of 4636 and k.
76
Suppose s - 5*f + 35 = 0, 3*f = -2*s - 2 - 3. Let n be (1 - (-18)/s)/((-14)/455). What is the greatest common divisor of n and 39?
13
Suppose 4*a = 8, 0*a = 3*j + 3*a - 6. Let g be (j + (-2)/(-3))/(16/912). Let f be ((-266)/3)/(2/(-6)). Calculate the greatest common f